s 0 - -507?
507
In base 6, what is -22 - 400?
-422
In base 12, what is 6 - -87?
91
In base 12, what is 8 + b0?
b8
In base 16, what is 845 + -3?
842
In base 11, what is -14 - 55a?
-573
In base 9, what is -1832 + 12?
-1820
In base 15, what is 7 + -924?
-91c
In base 12, what is -4 - 121?
-125
In base 2, what is -10 + 1001011?
1001001
In base 7, what is -1 - 1502?
-1503
In base 8, what is 165 + 101?
266
In base 12, what is -a + -14?
-22
In base 15, what is -1 + -c15?
-c16
In base 15, what is -4a3 - -2?
-4a1
In base 13, what is -7b + -5?
-83
In base 10, what is -502 + -3?
-505
In base 15, what is -46 - -e?
-37
In base 14, what is 4 + 57?
5b
In base 9, what is -12 - -30?
17
In base 16, what is 2 - -2?
4
In base 11, what is 26 + -4a5?
-47a
In base 2, what is 11101111010 - 101?
11101110101
In base 11, what is 28 - 3?
25
In base 10, what is 104 + 2?
106
In base 7, what is 3 - -5225?
5231
In base 16, what is 5 + 1b5?
1ba
In base 8, what is 673 - 15?
656
In base 12, what is -1065 + 1?
-1064
In base 5, what is 4 - -33?
42
In base 5, what is -204 - 1224?
-1433
In base 9, what is 238 + 2?
241
In base 16, what is -110 - -2?
-10e
In base 11, what is 9 - 6?
3
In base 12, what is -1 - 841?
-842
In base 9, what is 23 + -173?
-150
In base 2, what is -1010010 - -110?
-1001100
In base 7, what is 1 + 13433?
13434
In base 2, what is 101 - 101101010111?
-101101010010
In base 12, what is 19a - 2b?
16b
In base 14, what is 2 - 1b?
-19
In base 13, what is -3b9 + 5?
-3b4
In base 10, what is -3 + 430?
427
In base 9, what is 3370 + -5?
3364
In base 14, what is -1d46 + 2?
-1d44
In base 14, what is -62 - 55?
-b7
In base 10, what is 21 + -8?
13
In base 7, what is -310 - 1?
-311
In base 9, what is -4 - -4313?
4308
In base 13, what is -168 + 0?
-168
In base 9, what is 11 - -656?
667
In base 15, what is 1 - 2a8b?
-2a8a
In base 6, what is 2 + -303?
-301
In base 14, what is -1 - -1819?
1818
In base 16, what is -2b - -1b?
-10
In base 8, what is -2 - 30?
-32
In base 10, what is 1 - -212?
213
In base 15, what is 5 - -5a?
60
In base 8, what is 3 + 144?
147
In base 7, what is 1 - 263?
-262
In base 9, what is 4 + -874?
-870
In base 4, what is -3223 + 1?
-3222
In base 7, what is 320 - -5?
325
In base 11, what is -9 - -18?
a
In base 6, what is -5354 + -3?
-5401
In base 4, what is -312 - -22?
-230
In base 16, what is 1 + -18?
-17
In base 10, what is 36 - -140?
176
In base 3, what is 10 + -1012101?
-1012021
In base 15, what is -26c - -8?
-264
In base 4, what is -10010 - 1?
-10011
In base 13, what is -493 + -1?
-494
In base 14, what is -2 - -126d?
126b
In base 3, what is -1 + 110020?
110012
In base 14, what is -12 + a7?
95
In base 6, what is -1 - 1534?
-1535
In base 10, what is 361 - 35?
326
In base 4, what is 1221213 + -1?
1221212
In base 6, what is 3434 + 1?
3435
In base 16, what is -2 - 48?
-4a
In base 16, what is -1 + -ee?
-ef
In base 13, what is -a + 9?
-1
In base 5, what is 130302 - 0?
130302
In base 16, what is 4 - -219?
21d
In base 14, what is 137 + 0?
137
In base 15, what is 0 + -e?
-e
In base 9, what is -5 - 140?
-145
In base 7, what is -4625 - -3?
-4622
In base 3, what is -1021 + 11?
-1010
In base 2, what is -100 + -10110110?
-10111010
In base 15, what is -3 + -2b9?
-2bc
In base 5, what is -130 + 10?
-120
In base 8, what is 17 + 15?
34
In base 7, what is -35 - -3?
-32
In base 6, what is 1115 + 10?
1125
In base 7, what is 16632 - -5?
16640
In base 10, what is -2 + -428?
-430
In base 5, what is -3032 - 3?
-3040
In base 13, what is 1137 - -1?
1138
In base 5, what is -4243 + -4?
-4302
In base 13, what is -5 + -24b7?
-24bc
In base 2, what is 111110110 + -1?
111110101
In base 7, what is -33 - -3?
-30
In base 7, what is 166 + -102?
64
In base 13, what is 114 + 2?
116
In base 16, what is 1 - 10d1?
-10d0
In base 2, what is -10011 - 11?
-10110
In base 16, what is -2 - -65?
63
In base 3, what is -2101 - 10202?
-20010
In base 8, what is -1041 - 20?
-1061
In base 11, what is -5 - 13?
-18
In base 14, what is d - -11?
20
In base 16, what is -1 - 24c?
-24d
In base 5, what is 3 - -30440?
30443
In base 12, what is -18b + 140?
-4b
In base 5, what is 11 + 14?
30
In base 15, what is -e + -1?
-10
In base 15, what is -5 - -57?
52
In base 13, what is 6 - 8?
-2
In base 12, what is -30ba - 3?
-3101
In base 11, what is -107 - 18?
-124
In base 14, what is -c5 + -c?
-d3
In base 12, what is -278 + -2?
-27a
In base 2, what is 0 - -111?
111
In base 10, what is 18 + -10?
8
In base 5, what is 12 + -4304?
-4242
In base 15, what is -1e + -31?
-50
In base 14, what is -2 + 2b4?
2b2
In base 10, what is -801 - -4?
-797
In base 3, what is -12122 + -10?
-12202
In base 8, what is -371 - 43?
-434
In base 9, what is -2302 + 4?
-2287
In base 12, what is 5 + -91?
-88
In base 12, what is 11b2 - -1?
11b3
In base 15, what is -50 - -169?
119
In base 10, what is -8 - 35?
-43
In base 9, what is 5887 + 5?
6003
In base 12, what is -4 - 428?
-430
In base 7, what is -10304 - -5?
-10266
In base 9, what is 4 + 567?
572
In base 15, what is 1487a + 1?
1487b
In base 5, what is -2340 + -3?
-2343
In base 4, what is -11 + -2220?
-2231
In base 3, what is -2122020 - 0?
-2122020
In base 3, what is 10 - 1110?
-1100
In base 2, what is -1101101 - -1100101?
-1000
In base 4, what is -3 + -212200?
-212203
In base 16, what is -14 - 7f?
-93
In base 14, what is 636 + -22?
614
In base 16, what is -4 + cfe?
cfa
In base 2, what is -1 - -10001001?
10001000
In base 8, what is -35 + -2?
-37
In base 16, what is -1 - -9b?
9a
In base 8, what is -2 - 134?
-136
In base 10, what is 39 + 29?
68
In base 13, what is 23c + -5?
237
In base 16, what is -4 + 77?
73
In base 14, what is -3 - -134?
131
In base 6, what is -5 - 101?
-110
In base 10, what is -15 - -22?
7
In base 10, what is 281 - -5?
286
In base 12, what is 4 + -749?
-745
In base 4, what is -10 + -330?
-1000
In base 2, what is -111100010 + -100?
-111100110
In base 10, what is -2 + -94?
-96
In base 12, what is -2 + -480?
-482
In base 13, what is -1 - -18?
17
In base 10, what is -820 - -4?
-816
In base 10, what is 21 + -63?
-42
In base 9, what is -16 + 27?
11
In base 2, what is 1100111 + 100?
1101011
In base 6, what is -14 - 44?
-102
In base 10, what is 3867 + -5?
3862
In base 7, what is -5342 + 1?
-5341
In base 10, what is -67 + 194?
127
In base 11, what is -4 + 30?
27
In base 15, what is -3b7 - -15?
-3a2
In base 2, what is 0 + -100110100?
-100110100
In base 12, what is 1b0 + -2?
1aa
In base 14, what is -a + -7?
-13
In base 13, what is 2cb9 + 2?
2cbb
In base 3, what is -101 + -11?
-112
In base 3, what is -120221201 + 11?
-120221120
In base 12, what is -21 + 0?
-21
In base 8, what is -30 - 144?
-174
In base 11, what is -4 + -3a?
-43
In base 10, what is 4 + 110?
114
In base 9, what is -5 + -2163?
-2168
In base 2, what is -111 + -100000001?
-100001000
In base 5, what is -20103 - 10?
-20113
In base 11, what is -31 + 24?
-8
In base 12, what is 458 - 2?
456
In base 16, what is 3 + -31?
-2e
In base 6, what is -1512 - 2?
-1514
In base 7, what is -5 - 361?
-366
In base 16, what is -5480 + -1?
-5481
In base 12, what is 500 + 0?
500
In base 11, what is -18 + 45?
28
In base 8, what is -41 - -3?
-36
In base 15, what is -105 + e?
-e6
In base 10, what is -3103 + 1?
-3102
In base 13, what is 66 - 0?
66
In base 2, what is 100 - 1111001100100?
-1111001100000
In base 15, what is 0 + 19?
19
In base 16, what is 34a + -3?
347
In base 14, what is -5 + 319?
314
In base 4, what is -11 - -32310?
32233
In base 6, what is -1 + 442?
441
In base 4, what is 120 - -30?
210
In base 2, what is 1101011011000 + -1?
1101011010111
In base 12, what is 3 - -64?
67
In base 14, what is -5 + 2c?
27
In base 9, what is 274 + -1?
273
In base 10, what is 0 + 100?
100
In base 9, what is 28 + -257?
-228
In base 12, what is -111a + -2?
-1120
In base 2, what is 101 - 1101110000?
-1101101011
In base 5, what is -104 + -4?
-113
In base 16, what is 9a - 0?
9a
In base 8, what is 160 + 3?
163
In base 6, what is 1404 + -220?
1144
In base 15, what is -16d - -d?
-160
In base 2, what is -1001010100000 + 10?
-1001010011110
In base 7, what is 4 + -42?
-35
In base 11, what is 1608 - -1?
1609
In base 2, what is -1001101111 + 101?
-1001101010
In base 14, what is 5 + 3b?
42
In base 8, what is -124 + -6?
-132
In base 4, what is 2133 + -11?
2122
In base 3, what is -112 + 1200?
10